alculate x(1).
21
Let x(v) = -v**3 + 5*v**2 - v - 7. Determine x(4).
5
Let r(j) = -5*j**2 - 47*j + 6. What is r(-9)?
24
Let z(w) = w**3 - 6*w**2 + 5*w + 4. What is z(3)?
-8
Let d(l) = l**2 + 24*l + 17. Determine d(-23).
-6
Let z(c) = -c**3 + 9*c**2 - 21*c + 44. Give z(7).
-5
Let d(z) = -z + 41. Determine d(10).
31
Let b(q) = q**2 + 1. Determine b(0).
1
Let v(x) = -119*x - 1. Calculate v(-1).
118
Let i(z) = z**3 + 7*z**2 + 5*z + 7. Give i(-6).
13
Let v(j) = j**3 + 30*j**2 - 30*j + 6. Give v(-31).
-25
Let r(f) = 4*f + 85. Determine r(-25).
-15
Let r(p) = p**2 - 8*p + 11. Calculate r(5).
-4
Let m(w) = 13*w - 176. What is m(12)?
-20
Let q(v) = -26*v**2 - v + 1. Calculate q(1).
-26
Let q(x) = x**2 + 21. Determine q(5).
46
Let q(u) = -2*u**3 + 17*u**2 - 7*u. What is q(8)?
8
Let z(d) = 2*d**2 - 11*d - 14. Determine z(9).
49
Let i(c) = -6*c - 91. What is i(-19)?
23
Let x(i) = -i - 2. Give x(5).
-7
Let s(k) = -k**2 - 25*k - 28. Calculate s(-24).
-4
Let t(d) = 2*d**3 + 2*d**2 - 2*d + 3. Give t(-3).
-27
Let r(z) = z**2 - 13*z + 52. Calculate r(5).
12
Let b(u) = u**2 + 12. Calculate b(0).
12
Let j(x) = -2*x**2 - 40*x + 33. Calculate j(-21).
-9
Let d(y) = 24*y**3 - y**2. What is d(-1)?
-25
Let m(n) = 20*n + 25. Calculate m(5).
125
Let m(x) = -105*x + 315. Give m(3).
0
Let s(m) = 14*m + 7. Determine s(4).
63
Let k(n) = -n**3 - 26*n**2 - 4*n - 43. What is k(-26)?
61
Let t(d) = d**3 + 12*d**2 + 6*d - 3. Calculate t(-12).
-75
Let w(j) = 3*j**2 + 18*j + 2. Calculate w(-5).
-13
Let h(i) = 2*i**3 - 9*i**2 - i + 8. Give h(4).
-12
Let j(y) = -2*y**2 + 8*y - 13. Calculate j(3).
-7
Let g(q) = -q + 4. Determine g(-1).
5
Let y(k) = -k**2 + 4*k + 10. What is y(8)?
-22
Let v(f) = 5*f - 3. Determine v(25).
122
Let a(w) = -w**2 + 23*w + 13. Give a(24).
-11
Let y(a) = 2*a + 3. Determine y(-4).
-5
Let s(h) = -h**3 - 46*h**2 - 90*h - 96. What is s(-44)?
-8
Let o(p) = -p**2 - 8*p + 16. Calculate o(-10).
-4
Let u(y) = -2*y**3 - 19*y**2 - 10*y + 10. Determine u(-9).
19
Let h(w) = w - 26. Calculate h(14).
-12
Let n(f) = -f**2 - 11*f. Give n(-11).
0
Let g(t) = -t**2 - t - 3. Calculate g(4).
-23
Let d(b) = b**3 - 19*b**2 + 19*b + 1. Calculate d(18).
19
Let x(z) = z**3 - 26*z**2 - 28*z + 21. Calculate x(27).
-6
Let r(s) = 2*s**3 + 17*s**2 - s - 6. Calculate r(-9).
-78
Let q(y) = y**3 - 6*y**2 + 9*y - 8. Calculate q(5).
12
Let u(s) = 7*s + 22. Calculate u(-3).
1
Let k(q) = -q**3 + 3*q**2 + 3*q + 36. Give k(5).
1
Let q(h) = h**3 + 38*h**2 + 107*h + 78. Calculate q(-35).
8
Let f(m) = -m**3 + 9*m**2 + 11*m - 22. What is f(10)?
-12
Let b(d) = -d**3 - 17*d**2 - 18*d - 16. Calculate b(-16).
16
Let x(h) = -h**3 - 6*h**2 + 11*h + 8. Calculate x(-7).
-20
Let f(y) = 3*y**2 - 19*y + 17. What is f(8)?
57
Let c(y) = -y**3 + 28*y**2 + 30*y - 27. Calculate c(29).
2
Let f(p) = 9*p - 162. Determine f(19).
9
Let a(s) = s**2 - 6*s + 2. Calculate a(3).
-7
Let j(a) = -a**3 - a**2 + 2*a - 47. Determine j(0).
-47
Let n(l) = -17*l - 245. Calculate n(-14).
-7
Let r(h) = 6*h + 14. Determine r(-6).
-22
Let k(y) = y**2 - 8*y + 7. Give k(-6).
91
Let w(z) = -2*z**2 + 9*z + 37. Give w(-3).
-8
Let r(i) = -i**3 + 5*i**2 - 2*i - 7. What is r(5)?
-17
Let f(u) = u**2 - 12*u - 4. Give f(10).
-24
Let v(u) = -5*u + 9. Determine v(3).
-6
Let z(l) = l**2 + 19*l + 42. What is z(-17)?
8
Let p(n) = -n**3 - n**2 + 3*n - 10. Give p(-3).
-1
Let h(p) = p**2 - 17*p + 96. Calculate h(14).
54
Let u(z) = z**2 - 10*z - 7. Determine u(9).
-16
Let x(q) = -8*q**2 + 3*q - 1. Give x(2).
-27
Let c(g) = -110*g + 7. Determine c(0).
7
Let b(i) = 23*i - 123. Determine b(6).
15
Let o(x) = -16*x - 30. Determine o(6).
-126
Let z(u) = -u**3 - 40*u**2 - 35*u + 156. Determine z(-39).
0
Let y(j) = j**2 - j - 7. Calculate y(-6).
35
Let c(j) = -j**3 - 7*j**2 + 8*j + 7. Determine c(-8).
7
Let v(k) = -k**3 - 13*k**2 - 40*k + 20. Calculate v(-9).
56
Let t(i) = -3*i - 66. Calculate t(-25).
9
Let a(s) = -s**3 - 5*s**2 + 2*s + 6. Give a(-5).
-4
Let y(o) = o**2 + 8*o - 4. Determine y(4).
44
Let n(g) = g**3 + 12*g**2 + 16*g + 62. Determine n(-11).
7
Let s(d) = 174*d - 869. What is s(5)?
1
Let a(h) = -3*h**2 + 117*h - 1. Give a(39).
-1
Let y(z) = -z**3 - 2*z**2 + 2*z + 3. Determine y(-2).
-1
Let z(d) = -d**3 - 10*d**2 + 4*d + 2. Determine z(-6).
-166
Let w(l) = 12*l**3 + l**2 - l - 1. Determine w(-1).
-11
Let q(a) = -9*a + 30. What is q(4)?
-6
Let m(x) = -x**2 - 7*x - 4. Determine m(-6).
2
Let f(h) = -7*h - 12. What is f(-1)?
-5
Let s(b) = 11*b - 114. What is s(10)?
-4
Let h(v) = 18*v**3 + 5*v**2 + v - 2. Calculate h(-1).
-16
Let f(i) = -i**2 + 38*i - 237. Calculate f(8).
3
Let x(m) = -m**3 + 13*m**2 - 28*m - 16. What is x(10)?
4
Let o(r) = -8*r + 49. Give o(0).
49
Let r(h) = h**3 + 2*h**2 - h + 2. What is r(0)?
2
Let w(p) = p**3 + 2*p**2 - 10*p - 32. Calculate w(-5).
-57
Let i(d) = -d**2 - 5*d - 10. Calculate i(-6).
-16
Let a(s) = -6*s - 55. What is a(-5)?
-25
Let f(i) = i**2 + 22*i + 130. Calculate f(-7).
25
Let j(r) = -2*r**2 - 6*r - 7. Give j(-1).
-3
Let v(k) = -k**3 + 8*k**2 + 19*k + 16. Give v(10).
6
Let p(l) = l**3 + 77*l**2 - 5*l - 386. Determine p(-77).
-1
Let w(m) = m**3 + 3*m**2 - m - 1. Determine w(-4).
-13
Let j(t) = -t**3 + 7*t**2 + 3*t - 6. Calculate j(7).
15
Let f(q) = 2*q**3 - 51*q**2 + 73*q - 21. Determine f(24).
3
Let o(c) = c**2 + 9*c + 9. Calculate o(-7).
-5
Let w(n) = -9*n**3 + n**2 - n. What is w(1)?
-9
Let s(i) = -i**3 + i - 4. Give s(-2).
2
Let v(m) = 24*m - 141. Calculate v(6).
3
Let v(m) = 27*m. Calculate v(-2).
-54
Let u(f) = f**3 - 19*f**2 + 15*f + 44. What is u(18)?
-10
Let a(i) = 6*i - 148. Give a(24).
-4
Let y(i) = 2*i**3 - 5*i**2 - 7*i - 7. Give y(-3).
-85
Let g(x) = 27*x - 31. Give g(4).
77
Let w(p) = -p**3 + 5*p. Calculate w(3).
-12
Let b(z) = -z - 6. What is b(0)?
-6
Let a(j) = -9*j**2 - 2*j + 1. What is a(-3)?
-74
Let z(g) = g**3 + 2*g**2 - 1. Determine z(-2).
-1
Let k(n) = 8*n + 58. Give k(-7).
2
Let h(n) = -n**2 + 62*n - 343. Give h(56).
-7
Let t(h) = -69*h + 276. What is t(4)?
0
Let b(v) = 2*v + 9. Determine b(8).
25
Let h(s) = -3*s + 41. Give h(14).
-1
Let o(j) = -j**2 - 21*j - 95. What is o(-14)?
3
Let u(h) = -2*h**3 - h**2 - 2*h + 1. Calculate u(2).
-23
Let w(b) = b**3 + 18*b**2 + b + 12. Give w(-18).
-6
Let n(x) = 2*x**2 - 17*x - 57. What is n(12)?
27
Let d(s) = 4*s**3 - 2*s - 1. Calculate d(-2).
-29
Let x(t) = -t**3 - 20*t**2 + 43*t - 19. Determine x(-22).
3
Let h(t) = -3*t + 23. Give h(8).
-1
Let o(h) = -9*h - 175. Give o(-19).
-4
Let g(t) = -t**3 - 19*t**2 - 17*t + 24. Determine g(-18).
6
Let i(n) = -n**3 + 11*n**2 + 24*n + 17. What is i(13)?
-9
Let m(s) = -3*s - 1. What is m(5)?
-16
Let d(r) = -3*r**3 - 27*r**2 + 4*r + 3. Determine d(-9).
-33
Let i(j) = 4*j**2 + 37*j + 35. What is i(-8)?
-5
Let y(j) = j**2 - 3*j + 3. Calculate y(3).
3
Let n(y) = 2*y**3 + 15*y**2 + 14*y + 1. What is n(-6)?
25
Let c(y) = -y**3 - 18*y**2 - 47*y - 29. Give c(-15).
1
Let p(i) = 5*i + 53. What is p(-15)?
-22
Let x(b) = b - 13. Give x(18).
5
Let o(a) = 2*a**3 - 6*a**2 - a + 1. Determine o(5).
96
Let s(m) = -m**2 - 6*m + 42. What is s(-10)?
2
Let k(z) = 2*z - 31. Give k(-9).
-49
Let p(h) = -38*h + 72. Determine p(2).
-4
Let k(j) = -j**2 + 15*j - 4. Give k(12).
32
Let f(d) = -d**2 + 6*d + 11. What is f(8)?
-5
Let j(c) = c**3 + 20*c**2 - 43*c + 37. Determine j(-22).
15
Let o(c) = -c**2 + 10*c - 22. What is o(7)?
-1
Let h(y) = 4*y - 26. Calculate h(8).
6
Let q(j) = j**2 + 7*j - 28. Give q(-8).
-20
Let y(a) = -a**3 + 9*a**2 + 25*a - 221. Calculate y(9).
4
Let y(a) = 6*a + 18. Calculate y(-7).
-24
Let i(m) = -2*m**2 + m - 7. Determine i(0).
-7
Let f(z) = -z**2 + 16*z - 22. Determine f(14).
6
Let a(x) = -x**2 - 21*x - 112. What is a(-14)?
-14
Let a(s) = s - 5. Give a(9).
4
Let l(t) = -t**3 + 2*t**2 + 4*t + 3. Give l(-2).
11
Let n(d) = d**3 + 9*d**2 + 4*d - 12. What is n(-7)?
58
Let z(n) = -3*n + 4. What is z(4)?
-8
Let f(q) = -q**3 + 7*q**2 + q + 2. Determine f(7).
9
Let y(z) = -z**2 + 15*z + 7. Determine y(12).
43
Let t(g) = 6*g**2 - 167*g - 20. Determine t(28).
8
Let x(d) = -3*d + 24. Give x(9).
-3
Let h(x) = x**3 + 12*x**2 + 15*x + 11. Calculate h(-10).
61
Let h(y) = y**2 - 17*y + 19. What is h(13)?
-33
Let n(l) = 15*l + 377. What is n(-25)?
2
Let m(k) = 2*k**3 - 24*k**2 + 20*k + 24. Calculate m(11).
2
Let g(v) = -3*v - 27. Calculate g(-1